ase 13, what is -22a1 - c98?
-3269
In base 10, what is 24062608 + 4?
24062612
In base 10, what is 795288032 + -2?
795288030
In base 2, what is 101100110 - 1010011001111110?
-1010010100011000
In base 12, what is -68b978 - -456?
-68b522
In base 11, what is -4522466 + 10?
-4522456
In base 12, what is -9 + -63a20?
-63a29
In base 11, what is -1095 - -3a34?
294a
In base 14, what is 1a8 + 67bd?
6987
In base 3, what is -11 + -20011202111220?
-20011202112001
In base 11, what is 432357 + -a?
432348
In base 11, what is -1 - 1418385?
-1418386
In base 10, what is 135898 - 109?
135789
In base 2, what is -110010000 - -110011110101110?
110011000011110
In base 12, what is 4 + -454b510?
-454b508
In base 12, what is 1a - 1ba87?
-1ba69
In base 8, what is 156 - 57364?
-57206
In base 8, what is -1013 + 101250?
100235
In base 13, what is -389bca - -1?
-389bc9
In base 11, what is -3a67a + -2583?
-42152
In base 6, what is 12 - -101404054?
101404110
In base 13, what is 5 - 6259?
-6254
In base 15, what is -e6b - -4b9?
-9a2
In base 6, what is -15252034 + -23?
-15252101
In base 10, what is -38 - -577690?
577652
In base 8, what is 1331177 - -41?
1331240
In base 16, what is -1 - -f81f3?
f81f2
In base 3, what is 102000 - 1202210012?
-1202101012
In base 16, what is f79 + 16ac?
2625
In base 16, what is -18a6 - e9?
-198f
In base 8, what is -632 + 2403243?
2402411
In base 15, what is 7 + d95803?
d9580a
In base 12, what is 1069b9 + 457?
107254
In base 14, what is 12a00b - -5?
12a012
In base 4, what is -2223002021 - -22?
-2223001333
In base 12, what is b6038 + -17?
b6021
In base 10, what is -733 - 637250?
-637983
In base 13, what is 6515 - -14c17?
1b42c
In base 12, what is 1b3a86 + 786?
1b4650
In base 14, what is 24dc14 + -7?
24dc0b
In base 2, what is 1011000110110111010 - 1011000?
1011000110101100010
In base 13, what is 7b7527 - -39?
7b7563
In base 15, what is -19 + 109d67?
109d4d
In base 3, what is -122010001111000 + -1?
-122010001111001
In base 10, what is -195 + 8860?
8665
In base 8, what is 3274772 + -14?
3274756
In base 16, what is -201 - 836?
-a37
In base 10, what is 1818700 - -3?
1818703
In base 10, what is 4 - -26586013?
26586017
In base 16, what is 1efc19ea - 4?
1efc19e6
In base 12, what is 61 - 454b3?
-45452
In base 5, what is -3 + 4131422?
4131414
In base 8, what is 6563631 + 1?
6563632
In base 10, what is -7038 + -3019?
-10057
In base 6, what is -3 - 15442154313?
-15442154320
In base 8, what is 237770 - -1457?
241447
In base 13, what is 91 - -6813b6?
681477
In base 4, what is -2310301033 - -122302?
-2310112131
In base 5, what is 122401214 - -110?
122401324
In base 6, what is -4534 + 5514?
540
In base 2, what is 101001000111 + 1101010111101100?
1110000000110011
In base 14, what is 669 + -4012?
-3787
In base 12, what is 53 - -873b2?
87445
In base 9, what is -160 - -50823?
50653
In base 4, what is 210033 - -132333122?
133203221
In base 2, what is 10010100101011000001101001 - 0?
10010100101011000001101001
In base 10, what is 25837 + 10239?
36076
In base 10, what is -10 + 1628?
1618
In base 16, what is -2f5 + c2b47?
c2852
In base 10, what is -450340548 + 1?
-450340547
In base 10, what is 63 - 1649382?
-1649319
In base 15, what is -2aec4611 - -2?
-2aec460e
In base 8, what is 12 + 10167450?
10167462
In base 11, what is 36714275 - -1?
36714276
In base 6, what is 4050 - 1231510?
-1223420
In base 12, what is -4561a7 - 10?
-4561b7
In base 13, what is -8c374 - -356?
-8c01b
In base 8, what is 10 - -12371427?
12371437
In base 11, what is -5 + 1971924?
197191a
In base 11, what is 27 + -18493?
-18467
In base 12, what is 1b75a - -4566?
24104
In base 10, what is -20732 - 21761?
-42493
In base 10, what is 65413 - -90?
65503
In base 2, what is -1110010 - -101001100101000010000?
101001100100110011110
In base 4, what is -210 - 100331302312?
-100331303122
In base 6, what is 301 + 245214214?
245214515
In base 2, what is 11000010100101010101101 - 1110?
11000010100101010011111
In base 12, what is 19aa3744 - 3?
19aa3741
In base 12, what is 1 - 1430033?
-1430032
In base 2, what is 110011101111001 - -1001?
110011110000010
In base 7, what is 25440 - 25133?
304
In base 13, what is -19585c + 3?
-195859
In base 9, what is -3817638 - 0?
-3817638
In base 4, what is -121302 + -1103203110?
-1103331012
In base 15, what is -118239b - -1?
-118239a
In base 9, what is 2070607 + 108?
2070716
In base 9, what is 3155406 + -128?
3155267
In base 9, what is -252262 + 214?
-252047
In base 3, what is 2122021211222121 - -11?
2122021211222202
In base 14, what is 1 + -195adb?
-195ada
In base 6, what is 1051322112 - -4?
1051322120
In base 12, what is a985419b + 2?
a98541a1
In base 15, what is -112ce4c + -1?
-112ce4d
In base 9, what is -5365376 - -5?
-5365371
In base 2, what is -110010111011 - 1001110111100?
-10000001110111
In base 10, what is -204111 - 2?
-204113
In base 10, what is -5 - -7838242?
7838237
In base 2, what is -1000101001101 - -101011010001?
-11001111100
In base 10, what is -10 + 33745161?
33745151
In base 2, what is 1000000001000111101100 + 1?
1000000001000111101101
In base 6, what is -1 + 412453011?
412453010
In base 2, what is -101001010001100001100 + 1111000?
-101001010001010010100
In base 10, what is 44 - 188528?
-188484
In base 11, what is 7 + 8726a19?
8726a25
In base 13, what is -43 - -280705?
280692
In base 4, what is 10221322 + 11231233?
22113221
In base 5, what is 23 + -413023222?
-413023144
In base 11, what is -67a - -12440?
11871
In base 12, what is 19 + a634680?
a634699
In base 8, what is 301120 + 322?
301442
In base 5, what is -143 + -4133441?
-4134134
In base 9, what is 2 - 320685057?
-320685055
In base 11, what is -2297 + -7a73?
-a25a
In base 5, what is 24113 + 2314033?
2343201
In base 16, what is -9 - 1261?
-126a
In base 14, what is -4 + 1957360?
195735a
In base 5, what is -2 - -2131342414?
2131342412
In base 5, what is -431331331 + -103?
-431331434
In base 7, what is 1 + 21500661?
21500662
In base 6, what is -204 - 155333?
-155541
In base 14, what is -54 - 101c217?
-101c26b
In base 14, what is -692d + 8c?
-6881
In base 5, what is 4212312330 + 2?
4212312332
In base 5, what is 1110413214 + 10?
1110413224
In base 4, what is 133210221000 - 1?
133210220333
In base 2, what is -11100010001010111101 + 100?
-11100010001010111001
In base 7, what is -16461310 - 20?
-16461330
In base 11, what is -69a05 + 571?
-69444
In base 3, what is 1110010122111 - -1111?
1110010200222
In base 9, what is -4 - 4574161?
-4574165
In base 15, what is 8bdd74c - -3?
8bdd750
In base 13, what is -200 - c1988?
-c1b88
In base 15, what is -99 - b5804?
-b589d
In base 7, what is -614533 + 110?
-614423
In base 16, what is 14 - 189b60?
-189b4c
In base 4, what is -111201221102 - -2?
-111201221100
In base 5, what is -214413 + 1201004?
431041
In base 15, what is 3bc + 2980?
2d4c
In base 13, what is -9 + 2c241a?
2c2411
In base 14, what is -957 + 467a?
3b23
In base 8, what is -126 + 564315?
564167
In base 13, what is 3667 - -7ca?
4164
In base 13, what is -8433b + 3b?
-84300
In base 16, what is 676 - -590d5?
5974b
In base 2, what is 100000 - -11111100110100000011?
11111100110100100011
In base 8, what is 224 - 2142?
-1716
In base 2, what is -1111110001000000110110 + -11001?
-1111110001000001001111
In base 2, what is 11110101011111 - -1011?
11110101101010
In base 3, what is -11 + -1020120210201210?
-1020120210201221
In base 10, what is -26 + -160058?
-160084
In base 12, what is 69 - -3265a?
32707
In base 3, what is -21000 + -21011002210?
-21011100210
In base 11, what is 1028 - 3859?
-2831
In base 2, what is 11010101101010 + 111100?
11010110100110
In base 14, what is -d91 + -12756?
-13707
In base 9, what is 878 + 781601?
782580
In base 16, what is 1b9a + 58b?
2125
In base 3, what is -12021222110022 + 20220?
-12021222012102
In base 16, what is 730f - -524d?
c55c
In base 4, what is -232 + -130201030210?
-130201031102
In base 16, what is -72d36 - a?
-72d40
In base 4, what is -321131 + -1222001?
-2203132
In base 7, what is -1020523 - -4020?
-1013503
In base 12, what is -3761a - 432a?
-3b948
In base 15, what is -2533 - 205?
-2738
In base 11, what is 53 + -350827?
-350784
In base 15, what is 3865a - -5b7?
38c22
In base 12, what is -26b3a4b + -5?
-26b3a54
In base 10, what is -23515569 - 1?
-23515570
In base 16, what is bd - 30e6a?
-30dad
In 